
Let y(b) = -18*b + 50. Determine y(1).
32
Let i(d) = d**3 + 65*d**2 - 479*d - 9034. Give i(-70).
-4
Let o(n) = -n**3 + 9*n**2 + 49*n - 315. Give o(11).
-18
Let z(k) = k**2 + 622*k - 14192. What is z(22)?
-24
Let j(q) = -2425*q - 26681. Determine j(-11).
-6
Let r(s) = -s**3 + 13*s**2 - 41*s + 9. What is r(11)?
-200
Let j(h) = -h**2 - 3*h + 15. Determine j(-4).
11
Let d(f) = -2*f**3 + 27*f**2 + 38*f - 312. Determine d(14).
24
Let g(w) = w**2 - 14*w - 12. Give g(-6).
108
Let m(c) = c**3 - 5*c**2 + 155*c - 461. Give m(3).
-14
Let v(c) = c**3 - 23*c**2 - 41*c - 92. Calculate v(25).
133
Let o(s) = 66*s + 3355. Calculate o(-51).
-11
Let z(q) = -25*q + 434. Give z(18).
-16
Let b(i) = 14*i + 447. Determine b(-36).
-57
Let j(v) = -v**3 + 84*v**2 - 239*v - 1. Give j(3).
11
Let m(w) = w**2 - 3*w - 39. What is m(10)?
31
Let i(y) = -2*y**3 + 18*y**2 - 71*y - 2. Give i(7).
-303
Let a(f) = f**2 + 76*f - 171. Calculate a(-78).
-15
Let o(u) = -4*u**2 + 71*u + 670. Give o(-12).
-758
Let v(t) = 9*t**3 + 8*t**2 + 17*t + 5. Calculate v(-2).
-69
Let p(b) = 2*b**2 + 10*b - 3257. Give p(38).
11
Let i(c) = -c**3 - 11*c**2 + 51*c - 44. What is i(-14)?
-170
Let i(u) = 136*u - 407. Give i(3).
1
Let w(q) = 4*q**3 + 110*q**2 - 55*q + 55. Give w(-28).
27
Let i(l) = 1372*l - 5482. What is i(4)?
6
Let c(q) = 18*q**2 - 169*q + 169. What is c(1)?
18
Let d(o) = 4*o**2 - 193*o + 237. Calculate d(47).
2
Let z(r) = -40*r + 1313. Determine z(39).
-247
Let a(p) = -4*p**3 + 27*p**2 - 29*p + 106. Determine a(8).
-446
Let f(v) = 9*v + 260. Give f(-32).
-28
Let g(f) = f**3 - 26*f**2 - 87*f + 875. Give g(28).
7
Let c(d) = -5*d**3 + 58*d**2 - 32*d + 165. Determine c(11).
176
Let k(q) = 123*q + 1265. What is k(-11)?
-88
Let x(l) = -208*l + 396. Give x(2).
-20
Let s(t) = 20*t**2 - 8*t + 4. Give s(1).
16
Let a(s) = 2*s**2 - 204*s - 20846. Determine a(165).
-56
Let k(f) = 144*f - 22. Determine k(0).
-22
Let d(p) = -1264*p + 22719. Calculate d(18).
-33
Let k(t) = 18359*t - 36718. Calculate k(2).
0
Let d(m) = -93*m - 4273. Give d(-46).
5
Let y(j) = -j**3 - 16*j**2 - 46*j - 29. Calculate y(-14).
223
Let p(h) = 54*h - 199. What is p(5)?
71
Let p(y) = y**3 - 2*y**2 - 70*y - 7. What is p(-7)?
42
Let a(t) = -34*t - 1429. Give a(-42).
-1
Let s(d) = 2*d**2 + 122*d + 1079. Determine s(-11).
-21
Let j(x) = -287*x - 6607. Calculate j(-23).
-6
Let g(n) = -2489*n**2 - 19911*n + 16. Calculate g(-8).
8
Let c(o) = 12*o**3 + 76*o**2 + 8*o + 3. Calculate c(-6).
99
Let c(o) = -3*o**2 + 12*o + 3. Calculate c(9).
-132
Let p(k) = k**3 + 25*k**2 + 39*k - 18. Calculate p(-24).
-378
Let b(r) = 16*r**2 - 310*r + 39. Determine b(19).
-75
Let l(s) = -2*s**3 - 25*s**2 - 130*s - 1073. Determine l(-11).
-6
Let f(w) = -45*w - 506. Calculate f(-11).
-11
Let m(o) = 11*o**2 - 62*o + 34. Determine m(5).
-1
Let s(c) = c**3 + 43*c**2 + 144*c + 2550. Calculate s(-41).
8
Let i(y) = -12*y - 1208. Give i(-100).
-8
Let l(u) = -u**3 - 11*u**2 - 7*u + 9. Give l(-6).
-129
Let f(h) = -2*h**3 - 2*h**2 + 15*h - 7. Calculate f(4).
-107
Let p(c) = -c**2 - 2*c + 17. Calculate p(0).
17
Let w(o) = -1368*o + 21883. Calculate w(16).
-5
Let w(n) = n**3 + 106*n**2 - 564*n - 1003. Calculate w(-111).
-4
Let p(o) = o**3 + 28*o**2 + 21*o - 10. What is p(-27)?
152
Let u(x) = 751*x - 3008. Calculate u(4).
-4
Let b(v) = v**2 - 10*v - 131. What is b(9)?
-140
Let r(u) = -259*u - 1764. What is r(-7)?
49
Let c(z) = 12*z**3 + 577*z**2 + 43*z - 169. Calculate c(-48).
71
Let m(f) = -284*f + 290. Give m(1).
6
Let f(q) = q**2 - 42*q + 263. Give f(35).
18
Let x(m) = 12*m + 176. Give x(-18).
-40
Let d(w) = -22*w**3 + 9*w**2 + 2*w - 7. Give d(-1).
22
Let f(q) = -5*q**3 - 19*q**2 + 112*q. What is f(5)?
-540
Let i(a) = 5*a**2 + 3*a - 65. What is i(-4)?
3
Let v(j) = 773*j - 8650. What is v(11)?
-147
Let t(i) = -i**3 - 47*i**2 + 53*i + 237. What is t(-48)?
-3
Let i(d) = d**2 + 53*d + 749. What is i(-23)?
59
Let y(c) = 3*c**2 + 56*c + 201. What is y(-5)?
-4
Let h(p) = -2*p**3 - 12*p**2 - 15*p - 34. Calculate h(-8).
342
Let b(y) = y**3 - 5*y**2 + 15*y - 2. Determine b(4).
42
Let j(t) = -2*t**3 - 79*t**2 + 54*t + 576. Give j(-40).
16
Let a(d) = -349*d + 390. Give a(1).
41
Let t(a) = 228*a - 122. Calculate t(1).
106
Let v(i) = 4*i**2 - 594*i + 14058. What is v(119)?
16
Let q(j) = -j**3 + 57*j**2 - 241*j - 83. Give q(5).
12
Let l(r) = -2*r**3 - 13*r**2 + 13*r + 57. Calculate l(-6).
-57
Let o(u) = 20*u - 81. Calculate o(4).
-1
Let t(i) = i**3 - 2*i**2 - 23*i - 28. What is t(0)?
-28
Let b(x) = -71*x + 2183. What is b(29)?
124
Let f(o) = -9*o - 3. What is f(28)?
-255
Let t(a) = -3*a**3 + 50*a**2 + 35*a - 312. What is t(17)?
-6
Let o(g) = 269*g**3 + g**2 + 2*g - 2. Calculate o(1).
270
Let f(m) = -416*m + 1511. Give f(5).
-569
Let k(h) = 14*h - 2390. Calculate k(171).
4
Let s(d) = -164*d + 14667. Give s(90).
-93
Let l(d) = -4*d**2 + 116*d + 60. Calculate l(29).
60
Let a(z) = 91*z - 2820. Determine a(31).
1
Let c(n) = -10*n**2 - 238*n - 414. What is c(-22)?
-18
Let f(j) = -76*j + 5927. Determine f(78).
-1
Let k(m) = -m**3 - m**2 - 2*m + 10. Determine k(0).
10
Let d(q) = q**2 - 13*q + 142. Calculate d(20).
282
Let b(c) = 19*c**2 + 74*c. Give b(-4).
8
Let g(k) = -2*k**2 - 222*k - 1670. What is g(-104)?
-214
Let r(f) = -50*f - 3651. Determine r(-74).
49
Let o(d) = 3*d**2 + 36*d - 27. Calculate o(-18).
297
Let f(o) = 3*o**2 - 224*o - 6855. Calculate f(98).
5
Let n(x) = x**3 - 32*x**2 - x + 45. Give n(32).
13
Let s(q) = q**3 - 7*q**2 - 124*q + 71. What is s(15)?
11
Let f(y) = y**3 - 26*y**2 + 25*y + 95. Calculate f(25).
95
Let n(m) = 6*m**2 - 124*m + 49. What is n(20)?
-31
Let q(w) = -1260*w - 27749. Determine q(-22).
-29
Let h(w) = -3*w**3 - 27*w**2 - 7*w - 2. Determine h(-9).
61
Let m(n) = 878*n + 11413. Calculate m(-13).
-1
Let d(w) = -w**3 + 4*w**2 - 26*w + 139. Calculate d(5).
-16
Let z(c) = 5*c**3 + 9*c**2 + 5*c - 1. Determine z(-4).
-197
Let b(c) = -198*c - 5323. Determine b(-27).
23
Let f(o) = 958*o**2 + 1920*o - 2. Give f(-2).
-10
Let a(g) = -4*g**3 - 4*g**2 - 13*g - 19. Calculate a(-2).
23
Let p(a) = 1734*a + 29486. Determine p(-17).
8
Let v(p) = -403*p + 2865. Calculate v(7).
44
Let w(c) = -1393*c - 23677. What is w(-17)?
4
Let t(b) = b + 57. Determine t(15).
72
Let t(s) = -13*s - 67. What is t(-6)?
11
Let j(z) = 334*z - 2647. Give j(8).
25
Let p(x) = 56*x - 1288. What is p(23)?
0
Let w(q) = -4*q**3 + 2*q**2 - 4*q - 1. What is w(2)?
-33
Let t(w) = -w**2 + 27*w - 51. Calculate t(25).
-1
Let c(o) = 5*o**2 + 11*o + 119. Calculate c(-14).
945
Let x(w) = -8*w + 70. Calculate x(6).
22
Let n(a) = -a**3 + 4*a**2 - 2*a - 9. Calculate n(-2).
19
Let p(y) = -86*y + 87. Determine p(2).
-85
Let y(n) = -n**3 + 4*n**2 + 6*n - 20. Determine y(3).
7
Let q(f) = f**3 + 20*f**2 + 33*f + 641. Determine q(-20).
-19
Let q(d) = 2*d**3 - 127*d**2 - 331*d + 77. Give q(66).
11
Let x(a) = 12*a - 297. Give x(27).
27
Let s(i) = -2026*i + 24315. Calculate s(12).
3
Let v(s) = -27*s**2 - 1395*s - 926. What is v(-51)?
-8
Let d(s) = -10*s**2 + 429*s - 5. Give d(43).
-48
Let r(v) = 1628*v + 24358. Calculate r(-15).
-62
Let h(y) = 266*y + 4263. What is h(-16)?
7
Let s(j) = -33*j + 188. Give s(-6).
386
Let j(h) = 6923*h + 235382. Determine j(-34).
0
Let a(v) = -16*v + 4. Give a(5).
-76
Let p(u) = -5*u**2 - 296*u + 241. What is p(-59)?
300
Let h(d) = -28*d + 118. Calculate h(9).
-134
Let t(f) = f**3 + 7*f**2 - 122*f + 4. Give t(-15).
34
Let a(s) = 15*s**3 - 2*s**2 - 4*s - 27. What is a(0)?
-27
Let d(z) = -z**2 - 789*z - 9321. Give d(-12).
3
Let g(h) = -16*h + 306. Calculate g(-26).
722
Let a(j) = -60*j + 2048. Determine a(34).
8
Let z(h) = 15*h - 319. Calculate z(35).
206
Let r(n) = -139*n + 1390. What is r(10)?
0
Let l(x) = 3*x**2 - 33*x + 31. Give l(19).
487
Let k(z) = 2*z**2 - 69*z + 564. What is k(13)?
5
Let m(a) = -39*a - 2352. Calculate m(-60).
-12
Let i(p) = -32*p - 187. Calculate i(-17).
357
Let c(p) = 10*p**2 + 11*p + 19. What is c(-5)?
214
Let f(p) = -24*p + 812. What is f(36)?
-52
Let q(f) = -130*f - 4. What is q(0)?
-4
Let m(t) = -t**3 - 22*t**2 + 12*t + 322. Determine m(-4).
-14
Let w(n) = 36*n**2 + 3*n + 8. What is w(-2)?
146
Let f(s) = 2*s**2 - 62*s + 484. Calculate f(18).
16
Let a(d) = d**3 + 5*d**2 - 2*d - 9. Give a(-5).
1
Let r(t) = -212*t - 23042. Calculate r(-109).
66
Let q(l) = -l**3 - 20*l**